the value of 3 + (-15 - (-7 - 1)) - -15?
11
What is the value of -6 + (-2 - (2 - 7 - (-8 + -5)))?
-16
Calculate 11 + 6 + 14 + -37.
-6
What is (-21 - -8) + 14 - 0?
1
Evaluate -25 - (-45 - (-22 + 10)).
8
What is (-12 - (13 + -34)) + -19 - 11?
-21
-9 - (10 + 5 + (-1 - 6) + -4)
-13
2 - 3 - (-203 - -215 - (0 - -9))
-4
What is 0 - (1 - 1) - (0 + 27 + -23)?
-4
What is the value of 1 - ((-1 - 9) + (24 - (13 - -10)))?
10
Evaluate 3 + (-10 - (-2 - (5 - 1 - 5))).
-6
Evaluate -6 + 10 + (-12 - (-5 + -2)).
-1
What is the value of -14 + (30 - 4) + 16?
28
Evaluate 20 + (-17 - -5) - (-3 - -1) - -24.
34
(2 - 2 - -1) + (129 - 125)
5
What is -431 + 435 + -1 + -18?
-15
Calculate -41 + (-51 - -88) - (-1 + -1 + 1).
-3
Evaluate 12 - (-12 + 4) - (3 + -9).
26
What is 6 + 2 + -4 + (-7 - 1)?
-4
What is the value of (-12 + 3 - -5) + (212 - 204)?
4
What is the value of 7 - (-5 - (-4 - 5 - (2 + -5)))?
6
-13 + (-3 - (-8 - -26)) - -11
-23
Calculate -14 + (22 - -6) + -16.
-2
Evaluate -23 + 41 - 3 - (7 - 1 - 2).
11
What is the value of 0 - -21 - (5 + 7)?
9
What is -3 + 12 + -10 + -8?
-9
Evaluate (-6 - 0) + 0 - ((-16 - 2) + 6).
6
What is -25 + (7 - 7) - -14?
-11
Calculate 22 + (26 - (-16 - -62)).
2
Evaluate (36 - 15 - 10 - -1) + -7 + 1.
6
Evaluate 4 - -2 - (-294 - -301).
-1
Evaluate 13 + -1 - (3 + -2) - 33.
-22
What is the value of 6 - (2 - (8 - (-4 - -25) - 8))?
-17
(-15 - (-12 + -8)) + (-1 + 4 - 9)
-1
What is 18 + (-20 - -1 - (277 + -246))?
-32
4 + -6 + 2 - -5
5
-16 + -27 + 40 - -26
23
What is the value of 14 - ((4 + 2 - (-10 + 13)) + -4)?
15
What is the value of -22 + 17 + 7 + 18?
20
Evaluate 3 + -15 - (1 - 4).
-9
Evaluate (-7 - (-39 - -22 - (3 - 1))) + -4.
8
What is 7 - (43 - (22 + -24))?
-38
Evaluate 225 + -192 - (0 + 37).
-4
Evaluate -456 + 491 + (-4 - (0 - -1)).
30
(-27 - 1) + (-121 - -139)
-10
Calculate -20 + (21 - -2) + (6 - (-1 - -2)).
8
200 - 230 - (-1 - -6 - (0 - -10))
-25
What is (-1 - 9) + (10 - (35 - 57))?
22
Evaluate -2 + 7 + -3 - (-73 + 95).
-20
Calculate (-5 - 1 - (-22 - (-40 + 22))) + 4.
2
What is 2 + 0 + -2 - (28 + (-47 - -31))?
-12
(-8 + 16 - (-1 - -6)) + -4
-1
What is the value of 2 - 9 - (-4 + -9 + 9)?
-3
What is the value of -7 + 17 + 8 + 20?
38
What is the value of (-6 - -2) + 34 + -30 + 8 + -5?
3
Calculate (-1 - 14) + 0 + -5 + -1 - -3.
-18
Evaluate (1 - -30) + -34 + (-5 - 2 - 1).
-11
Calculate (-25 - 0) + 1 + (112 - 105).
-17
Calculate (5 - 5) + (-21 - (3 - (11 - 4))).
-17
Evaluate 5 + 3 + (-28 - -28).
8
-20 + (1 - -12) + -1 + (179 - 185)
-14
What is the value of (-46 - -40) + (-8 + -4 - 4) + 5?
-17
Calculate 10 + -11 + 9 + (-9 - -6) - 4.
1
What is 23 - (6 - -9) - (-25 - -3) - 10?
20
Calculate 2 - (-8 - -1) - 10.
-1
Evaluate 1 - 56 - (-378 - -353).
-30
Evaluate 3 + 1 + 0 + (6 - 26) + 3.
-13
What is -6 + (26 - 19 - (-2 + 3))?
0
Evaluate (1 - 21) + 2 + 15 + (-8 - 1).
-12
Evaluate (6 - (11 - 2)) + 11 + 8.
16
-35 + 13 - (6 + -4 - (4 - 6))
-26
71 + -63 + (-1 - (6 - 3))
4
Evaluate (4 + -1 + 9 - 14) + -11.
-13
What is -7 - (-3 + 6 + 60 + -72)?
2
Calculate (3 - 1 - -6) + (8 - (8 + 16)).
-8
-69 - -35 - -77 - 45
-2
Calculate (-36 - -17) + 12 - (-1 - -8).
-14
-1 + (-11 - (-13 - -2)) - (-11 + 1)
9
What is the value of 0 + 13 + (59 - 72) + -9?
-9
What is 0 + (-10 - (-15 - -5)) + 4 + -9?
-5
What is -15 - (-9 + 5 - (8 + -5))?
-8
What is the value of -5 - -16 - ((-17 - -5) + 7)?
16
What is the value of -5 + (0 - -8 - (-4 + 7))?
0
What is the value of -4 - (-4 - (5 + -1 + 0 + -2))?
2
Calculate -1 - 2 - (41 - 3 - 30).
-11
Evaluate (11 - 18) + -28 + (14 - 0).
-21
What is (-8 - -13) + -7 + 7?
5
Evaluate -1 + -3 + -60 + 66 - (2 + 3).
-3
-10 - (-9 - (-8 - (-3 + 8)))
-14
What is the value of (1 + -7 - (6 + -5)) + 28 + -5?
16
-4 + 3 + (-2 - (-3 + -8)) + 15
23
Evaluate (0 - -4) + 3 + -1 + -7 + -15.
-16
Calculate 12 - 18 - -5 - (-1 - 12 - 5).
17
Evaluate -13 - (-19 - 11) - 14.
3
What is the value of 10 + (-7 - -14) + -39?
-22
(2 + 7 - (11 - 11)) + (-5 - -2)
6
What is the value of (-26 - -31) + -19 - -20?
6
Calculate (21 + -2 - 7) + -2 + -2 + 4.
12
Evaluate 50 + -52 - (9 - -2).
-13
-29 + -21 + (16 - -34)
0
What is 22 + -1 + 11 - (-8 - -8) - 9?
23
Calculate -11 + 2 + 2 - (0 - (6 - -1)).
0
What is the value of (-8 - -12 - -3 - -28) + -18?
17
What is the value of 14 - 18 - (-1 + -28)?
25
Calculate -10 + (39 - 18) + -1.
10
Calculate 4 + (-1 - -2) + 1 + -691 + 660.
-25
13 + (4 + 2 - 27)
-8
What is the value of 2224 + -2230 - (5 + -6 + 18 + -1)?
-22
What is the value of 2 + (8 - 5 - 4) - 0?
1
What is -12 + 4 + -1 - (-6 - (5 - 11))?
-9
Evaluate 0 + 9 + (-96 - -93).
6
What is (-15 - 2) + (5 - (-2 - -3))?
-13
Evaluate 39 + -35 + 15 + 11.
30
8 + (1 - 0) + (4 - 30) + 17
0
What is -8 + 0 + (-3 - 2 - 3 - -11)?
-5
-6 + 2 + 5 - (-5 + 27 + -2)
-19
What is 18 + 2 + (-3 + -4 - -1)?
14
What is the value of -2 - (0 - (-22 + 15))?
-9
What is the value of -22 - -45 - 17 - (-9 - (-2 - -2))?
15
What is the value of 8 - ((-11 - -11) + 6)?
2
Calculate (-4 - (20 + 1)) + 16 - 14.
-23
What is the value of (-14 - -7) + -4 + (3 - 2)?
-10
What is 10 + (24 + -11 - 12)?
11
0 + (0 - -3) + (23 + -56 - -52)
22
What is the value of 13 + -15 + (-33 - -28)?
-7
(5 - -1 - (2 + 9 + -2)) + -9
-12
Calculate (-29 + 14 + 18 - 35) + 8.
-24
10 + -18 - ((-4 - 9) + -10)
15
-1 - (13 + -9 + -11)
6
Evaluate -10 + 0 + 2 + -13 + 7.
-14
Evaluate (25 - 32) + 6 + 0 + -1.
-2
Evaluate 15 - (-11 - -18) - 6 - (2 + -5).
5
-8 - (-12 - 5 - -2 - -9)
-2
What is -333 + 286 + 7 + 4?
-36
What is -1 - (-3 + -7 + 8) - (3 - 10)?
8
Evaluate -710 + 704 - (-18 - -1).
11
What is 1 + -11 - (197 - 210)?
3
Evaluate -30 + 1 + (-30 - -21) + 12 + -1.
-27
1 + 22 - (12 - (-28 + 31))
14
6 + (29 - (10 + 9))
16
Calculate 2 + (3 - 6) + (-18 - -16) - -15.
12
-28 - -66 - (30 - 1)
9
What is (-3 - (13 + -28)) + -5 - (28 - 0)?
-21
Evaluate -7 + 8 + -2 + 8 + -22 + 3.
-12
Calculate -4 + -2 - (-376 - -368).
2
What is 9 + 4 + 0 + 1 + 4 + -5?
13
-5 - ((2 + -1 - 3) + (31 - 26))
-8
Calculate (1 - -15) + -11 + (28 - 54).
-21
What is the value of -7 - (-3 + 15 + 2 + 2)?
-23
Calculate -2 + 1 + -22 + 7 - -15.
-1
What is 13 + -12 - 4 - -7?
4
What is 19 + 4 - 10 - 18?
-5
What is the value of 741 + -745 - ((3 - 0) + -33)?
26
Calculate -8 + 4 + (-6 - (0 - 2)) + 5.
-3
Evaluate 7 + 1 - ((-18 - 3) + 25 + -13).
17
-14 + 5 + -5 + 11
-3
Evaluate (1 + -1 - 7) + (-17 + 43 - 19).
0
What is the value of -8 - (9 - (31 - 14))?
0
-2 + (5 - 6 - -2) - 2
-3
Evaluate 4 - 21 - (-1 + 7 + -25).
2
What is 7 + 2 - (-17 + (43 - 3) + -16)?
2
Calculate -16 + 1 + (2 - -6 - 5).
-12
Evaluate -11 - (-8 + -3 - -14).
-14
Evaluate (1 - 0) + -17 + (6 + -8 - -12).
-6
What is the value of (6 - (6 - (-9 + -1))) + (-9 - -2)?
-17
What is the value of -8 - -4 - (0 - -1) - (-17 - -5)?
7
(39 - -1 - 46) + (21 - -1)
16
Evaluate 1 + 19 + (859 - 896).
-17
-5 - 16 - -11 - 0
-10
Calculate -8 + 1 - (356 + -380).
17
What is -1 + 6 + -13 + 3?
-5
2 + 1 + (7 - 0) - (-55 + 59)
6
Calculate (-35 - -5) + (135 - 113).
-8
Calculate (2 - 10 - -12) + -1 - -8.
11
Calculate 0 + -4 + -12 + 11.
-5
Evaluate -8 - (15 + (-2 - -4 - 10)).
-15
What is the value of 6 + (22 + -29 - (6 - -1))?
-8
Calculate -26 + 39 + 9 + -8.
14
(10 + -10 + (0 - 4) - -17) + 4
17
What is the value of 14 - ((5 - 12) + 18)?
3
What is (5 - 2) + 0 + -22 - -8?
-11
Evaluate (29 + -43 - (-2 + -5)) + 5.
-2
What is the value of -7 - -3 - (-5 + 3 + -11)?
9
-24 - (12 - 14 - ((3 - -2) + -7))
-24
What is -145 - -121 - (1 - 38)?
13
Calculate 24 + (26 - (-5 - -37)).
18
Evaluate -9 - -111 - 37 - 41.
24
8 + -8 + 8 + -7 + 11
12
-113 - -132 - (2 + 1 + -2 - 0)
18
What is the value of -2 - (15 + (19 - 20))?
-16
Evaluate -4 + (-16 - -29 - (-2 + 14) - 9).
-12
-10 + (453 - 447 - (8 + 1))
-13
What is the value of -2 - -2 - (-1 - -21) - (121 + -129)?
-12
What is 31 - -20 - 12 - 18?
21
What is -6 - -4 - (-7 - (1 - -8) - -3)?
11
Calculate -8 + 42 + -26 - 5.
3
-8 + (-9 + -1 + 2 - (-156 - -159))
-19
Evaluate (342 - 307) + 2 + -7.
30
Calculate 85 + -93 - (-5 + -13 + 0).
10
What is the value of -960 + 960 - (1 - (1 + 11))?
11
Evaluate 14 - (5 + (-9 - -15) + -4).
7
What is the value of 76 + -59 - (15 - -2)?
0
Evaluate 3 + (-3 - 3 - -6 - -5) + -2.
6
What is 4 + 0 + (-14 + 18 - -10 - 36)?
-18
What is the value of (8 - 4) + -5 + (-10 + 27 - 3)?
13
12 - (17 - 3 - 24) - (0 + 0)
22
19 - ((1 - 7) + (11 - (-19 - 